is -5 - -14324?
14318
In base 8, what is 240 + -31505?
-31245
In base 15, what is 3da4 - 1a?
3d89
In base 5, what is -1 + 3414443?
3414442
In base 10, what is 2553 + 42?
2595
In base 5, what is -10 - 114400?
-114410
In base 16, what is -35a - 25?
-37f
In base 12, what is -63 - 715?
-778
In base 2, what is 110011111000010 + 101?
110011111000111
In base 10, what is 122 - 459?
-337
In base 13, what is -6b910 + 0?
-6b910
In base 7, what is -122060 - 5?
-122065
In base 4, what is -1100333 - 333?
-1101332
In base 10, what is -1616 - -224?
-1392
In base 10, what is -7 + 287813?
287806
In base 15, what is 14 + -4952?
-493d
In base 2, what is -11 - -100000010000010?
100000001111111
In base 13, what is -4 - -3296?
3292
In base 16, what is b86f - -8?
b877
In base 11, what is a1359a + 2?
a135a1
In base 11, what is -5 + 2937a6?
2937a1
In base 15, what is 625 + 155?
77a
In base 8, what is 55 - -1642?
1717
In base 9, what is 40205 - -126?
40332
In base 10, what is -4 - -20026?
20022
In base 5, what is 21 - 333304?
-333233
In base 16, what is 5 + -14b4d?
-14b48
In base 16, what is -18f + -36?
-1c5
In base 3, what is -22102 - -20001?
-2101
In base 4, what is 21021023 - 220?
21020203
In base 13, what is 4 + 229a7?
229ab
In base 5, what is -120 - -1421?
1301
In base 13, what is 3032 - -23?
3055
In base 15, what is -498be + -e?
-498cd
In base 11, what is -3118 + -157?
-3274
In base 9, what is 144 - 34184?
-34040
In base 14, what is -19 + 7?
-12
In base 14, what is c32 + -44?
bcc
In base 3, what is 222 - 220011?
-212012
In base 12, what is 11101 + 7?
11108
In base 2, what is -11001011110010011 - -1?
-11001011110010010
In base 8, what is -747201 + -3?
-747204
In base 2, what is 0 + 1100101101011100?
1100101101011100
In base 14, what is c - 316?
-308
In base 16, what is -39a6b + -6?
-39a71
In base 11, what is 5 + 4038?
4042
In base 16, what is f0c56 + -3?
f0c53
In base 8, what is 1 - 670135?
-670134
In base 16, what is -3 - -449f?
449c
In base 3, what is -12 - -110021102?
110021020
In base 2, what is 1001100000101011 - -10110?
1001100001000001
In base 16, what is -5054e - 0?
-5054e
In base 2, what is 10101010 + -10001100?
11110
In base 4, what is 111 - 13022?
-12311
In base 7, what is -2042214 + -4?
-2042221
In base 13, what is -5 - 3bb7?
-3bbc
In base 4, what is -11 + -122230022?
-122230033
In base 8, what is -5650 - 33?
-5703
In base 16, what is 10 + 22e3?
22f3
In base 13, what is 13 - a504?
-a4c1
In base 14, what is -5275 + -3?
-5278
In base 15, what is a72725 + 5?
a7272a
In base 13, what is -5 + 2b564?
2b55c
In base 5, what is -3113233 + 4?
-3113224
In base 6, what is 33 + -12243?
-12210
In base 11, what is 3398 - -4?
33a1
In base 8, what is 274 + 2633?
3127
In base 8, what is -4530525 + -6?
-4530533
In base 13, what is 610b + 8?
6116
In base 4, what is 20 - -11003302?
11003322
In base 11, what is 5732 - 36?
56a7
In base 3, what is 112120011 + 220010?
120110021
In base 15, what is -77d + 0?
-77d
In base 8, what is 10525 - 14?
10511
In base 2, what is 100011011101110 + 110?
100011011110100
In base 7, what is 1 + 20450044?
20450045
In base 16, what is -1 + -2bdd?
-2bde
In base 15, what is -2be63 - c?
-2be70
In base 12, what is 138a - b?
137b
In base 4, what is 23011112 - -1?
23011113
In base 2, what is -111010100000000 + -11?
-111010100000011
In base 6, what is -1352 - 2035?
-3431
In base 15, what is 3 - 1ba604?
-1ba601
In base 6, what is 11 - -2013144?
2013155
In base 3, what is -11121211 + 10?
-11121201
In base 6, what is -104 - -413434?
413330
In base 10, what is 58 + 188?
246
In base 4, what is -233222 + 12131?
-221031
In base 15, what is 2 - 1ec9?
-1ec7
In base 2, what is -11 - 100011101100011?
-100011101100110
In base 16, what is -1ea26e - 0?
-1ea26e
In base 6, what is 10022 + 5442?
15504
In base 4, what is 2032 + 11232221?
11300313
In base 12, what is -732 + 205?
-529
In base 9, what is -1317 - 5?
-1323
In base 5, what is -21 - -42332?
42311
In base 13, what is -37 + -11c2?
-1229
In base 14, what is -6cb0 - 5?
-6cb5
In base 6, what is -4 - 223235?
-223243
In base 9, what is 116 - 1754?
-1637
In base 16, what is 18e - -15?
1a3
In base 5, what is 1 - -13212304?
13212310
In base 9, what is 330 - 1573?
-1243
In base 8, what is 123 - 253?
-130
In base 2, what is 10010100011 - 100?
10010011111
In base 2, what is 11 + 100001101011101101111?
100001101011101110010
In base 12, what is 9 - -1170?
1179
In base 4, what is -103 - -33222022?
33221313
In base 11, what is -338 + 100?
-238
In base 7, what is 1 - 432062?
-432061
In base 15, what is -12 - e07?
-e19
In base 10, what is -158546 + 6?
-158540
In base 6, what is 2 - 1333123?
-1333121
In base 15, what is -4 - -32e4?
32e0
In base 3, what is -101100221000 + 1120?
-101100212110
In base 10, what is -597 + -84?
-681
In base 8, what is 11302233 + 3?
11302236
In base 12, what is 5 - 86b2?
-86a9
In base 8, what is -1705365 - -13?
-1705352
In base 15, what is -23a556 + 4?
-23a552
In base 2, what is 100 + 11110111101001?
11110111101101
In base 16, what is 142b + 9?
1434
In base 2, what is 101001010111001 - -1011?
101001011000100
In base 13, what is -259 + -272?
-4cb
In base 5, what is -1 + -304400?
-304401
In base 14, what is -156c - -6b?
-1501
In base 9, what is -1 + 25016?
25015
In base 6, what is 1455 + 250?
2145
In base 3, what is 110221 - 100000?
10221
In base 11, what is 298 - 467?
-17a
In base 10, what is 122 - 44?
78
In base 14, what is 3ac8 + -12?
3ab6
In base 12, what is 528 + -13?
515
In base 8, what is 1 - 10003?
-10002
In base 3, what is 2021100100 + 12?
2021100112
In base 11, what is -15 + 8590?
8576
In base 11, what is -7983a + 3?
-79837
In base 15, what is -1 + -6376?
-6377
In base 16, what is -3 - -d430?
d42d
In base 12, what is -223b3 + -1?
-223b4
In base 15, what is -1e4 - 2de?
-4d3
In base 14, what is 225c2 - -4?
225c6
In base 5, what is -20104034 - -32?
-20104002
In base 9, what is 43 - -110?
153
In base 14, what is a8c - 14?
a78
In base 9, what is -4 + -365042?
-365046
In base 16, what is 179 + 218?
391
In base 8, what is -5 - 15023?
-15030
In base 9, what is 15661 - -632?
16403
In base 4, what is 103310122 + -11?
103310111
In base 8, what is -1667 - 1321?
-3210
In base 2, what is -101111010100000100011 + 10?
-101111010100000100001
In base 2, what is -11100000001 + 10111010110?
-100101011
In base 16, what is 5 + 5bf?
5c4
In base 6, what is -1 - -353153?
353152
In base 2, what is 100 + 1110110010111011?
1110110010111111
In base 14, what is -2b + 9a?
6d
In base 16, what is -8 + 109c?
1094
In base 13, what is -16 - 3594?
-35aa
In base 2, what is 1101110 + 10010100011?
10100010001
In base 10, what is -4 - -9112?
9108
In base 8, what is -4 - 1051522?
-1051526
In base 7, what is -6303 + 16?
-6254
In base 12, what is -28 - 4805?
-4831
In base 13, what is 9a21 - -50?
9a71
In base 6, what is 1054 - 214011?
-212513
In base 12, what is -9 + -3295a?
-32967
In base 12, what is -2 + 171a6a?
171a68
In base 12, what is 781 + -a?
773
In base 15, what is -3a769 - 5?
-3a76e
In base 12, what is -3 + -78?
-7b
In base 10, what is 66225 + -2?
66223
In base 8, what is -351 + 24027?
23456
In base 16, what is -6ad912 + 1?
-6ad911
In base 15, what is 1 + -a3e95?
-a3e94
In base 8, what is 522 - 517?
3
In base 12, what is -2 + -2b948?
-2b94a
In base 10, what is -50 + 342?
292
In base 10, what is -8 - 552019?
-552027
In base 14, what is 4 - 26516?
-26512
In base 15, what is 266dbc + 5?
266dc2
In base 16, what is -1315 + -2?
-1317
In base 16, what is 4e4 + -30?
4b4
In base 12, what is -6b5 - -118?
-599
In base 6, what is -31021 + 422?
-30155
In base 9, what is 3584802 - 0?
3584802
In base 14, what is -1466 + 12?
-1454
In base 8, what is 2105 + -53?
2032
In base 14, what is 7 - 1a984?
-1a97b
In base 16, what is 59c7 + -1?
59c6
In base 11, what is 70a - -a3?
802
In base 7, what is 4 - 21?
-14
In base 16, what is 1bc4f + -14?
1bc3b
In base 8, what is 1010 - 13?
775
In base 5, what is 14043 + -3404?
10134
In base 3, what is -20102200 - -12?
-20102111
In base 10, what is 246 + -1684?
-1438
In base 4, what is 30 - -112032000?
112032030
In base 5, what is 0 - 31334?
-31334
In base 2, what is -1001 - 10010101000110100110?
-10010101000110101111
In base 13, what is 57b5 + -1?
57b4
In base 4, what is -123 + -22101312?
-22102101
In base 15, 